3 + w**2 - 16*w - 5. Let t be z(-5). Let j(s) = s**3 - 32. Let g be j(0). Let q = t - g. What is the units digit of q?
7
Let v(d) be the third derivative of 3*d**5/20 - d**4/12 + d**3/3 + 18*d**2. What is the tens digit of v(2)?
3
Let f(x) = -124*x + 7. Let j be f(-3). Let s = -214 + j. What is the hundreds digit of s?
1
Let h be 9/2*(-1792)/(-21). Suppose -v = 3*v - h. What is the tens digit of v?
9
Suppose -4*a = -2*h - 14, a = 4*h + h - 10. Suppose -3*n - h = 3*z, 2*z = -z - 15. What is the units digit of n + 76/((-8)/(-4))?
2
Suppose -3*g + 2*l = -2*g - 4, 4*g - 2*l = 40. Let p be 69/g - (-1)/4. Suppose -p*h + 44 = -2*h. What is the tens digit of h?
1
Suppose -1032 = 166*g - 169*g. What is the tens digit of g?
4
Let x = 30 + 2. Suppose -17 = 71*b - 301. Suppose -3*t - x = -b*t. What is the units digit of t?
2
Let w = 71 - 71. Suppose w = 2*r - 4*q - 424, 2*q + 6 = -q. What is the units digit of r?
8
Suppose -2*k - 10 + 8 = 0. Let l(d) = -128*d - 2. What is the hundreds digit of l(k)?
1
Let g(t) = -850*t**3 - t**2 + 2*t + 1. What is the tens digit of g(-1)?
4
Let a(r) = r**3 + 12*r**2 - 14*r + 9. Let c = -13 - -13. Suppose 0 = -c*m + m + 13. What is the tens digit of a(m)?
2
What is the tens digit of (46410/(-8))/(-3) + 369/1476?
3
Let p = 8 + -12. Let q(c) = -c**2 - 5*c - 2. Let o be q(p). What is the units digit of ((-24)/9)/(o/(-3))?
4
Let g be 2/(0 + 6/3). Let u be 3 + (-9)/3*g. What is the tens digit of 1*(31 + (u - -3))?
3
Let d = -5 - 1. Let n(y) = 24*y + 5. Let w be n(d). Let s = -83 - w. What is the tens digit of s?
5
Let g(d) = 11*d + 11. Let k(t) = -54*t - 54. Let r(v) = 24*g(v) + 5*k(v). Let l be r(-3). Suppose 4*q - s - 8 - 8 = 0, 3*s = -l. What is the units digit of q?
3
Suppose 0 = 19*w - 25*w + 12. Suppose o = w*o - 121. What is the hundreds digit of o?
1
Suppose -4*h + 50 = -q, -h = -2*q - 2 - 14. Let y(i) = i**2 - 11*i + 9. Let c be y(h). Let a = 0 + c. What is the tens digit of a?
2
Suppose 4*c + 9238 - 2095 = 5*v, -4*v + 5709 = -5*c. What is the units digit of v?
1
Suppose 0 = -3*u + 4*s + 34, 0 = -s - 2*s + 6. Let g = u + -4. What is the units digit of 298/g - 4/(-20)?
0
Suppose f - 2178 = -4*n, 0 = 101*f - 100*f - 5*n - 2142. What is the hundreds digit of f?
1
Let h = -8 + -2. Let u(t) = -t**2 - t - 1. Let d(i) = -5*i**2 - 13*i - 6. Let p(l) = -d(l) + 4*u(l). What is the tens digit of p(h)?
1
Let d = -133 - -186. Let q be 10*-8*11/(-10). Let f = q - d. What is the tens digit of f?
3
What is the units digit of 36693/72 + (0 - (-9)/24)?
0
Let h(y) = y**3 - 4*y + 2. Let b be h(-3). Let j(v) = 2*v - 4*v + 14 - 2*v. What is the units digit of j(b)?
6
Let a be (-2624)/8 - -8*(-1)/2. Let x = -231 - a. What is the tens digit of x?
0
Let n be 32 + -2*(-1 + (-20)/(-8)). Suppose 30*w - 54 = n*w. What is the tens digit of w?
5
What is the tens digit of (-30)/20*(2 - (-35112)/(-18))?
2
Suppose 26*a = 17*a + 1584. What is the tens digit of a?
7
Let f(j) = j**2 + 59*j + 2223. What is the units digit of f(0)?
3
Suppose 345*m - 338*m - 4074 = 0. What is the tens digit of m?
8
What is the hundreds digit of 25800/56 - 20/28?
4
Let p be ((-20)/14)/((-12)/42). What is the tens digit of (-16)/((2/p)/(-1))?
4
Let l(a) = -4*a**3 - 3*a**2 + 8. Let u(w) = 3*w**3 + 4*w**2 + w - 9. Let y(s) = -2*l(s) - 3*u(s). What is the units digit of y(-5)?
1
Suppose 73 + 110 = a + 2*z, 5*a - 927 = -4*z. Let x = a + -124. What is the units digit of x?
3
Let g = 35 + 533. What is the hundreds digit of g?
5
Let d(c) = -6 - 1 - 3 + 7*c**2 + 4*c - c**2. What is the units digit of d(6)?
0
Let q(c) = 58*c**2 + 12*c + 22. What is the units digit of q(-3)?
8
Let v = -8 + 10. Suppose -5*u + v*u - 2*h = -158, -210 = -4*u - 3*h. What is the units digit of 52/9 + 12/u?
6
Let y(c) = c**3 + 28*c**2 + 78*c + 5. What is the hundreds digit of y(-23)?
8
Suppose -4*u - 2*t = 2*t, 0 = -4*t + 20. Let f be (0 - 24/(-15))*u. Let k(n) = -n**3 - 8*n**2 - 3*n - 10. What is the tens digit of k(f)?
1
Let p(i) = 26*i**2 + 49*i + 2. Let d be p(-2). Let g(r) = 3*r**2 + 10 + 7*r - 4*r**2 + 0*r**2. What is the units digit of g(d)?
2
Suppose -36 - 262 = 2*r. Let j = -80 - r. Suppose -4*v + v + j = 0. What is the units digit of v?
3
Let q(v) = -2*v**3 - 9*v**2 + 85. What is the hundreds digit of q(-11)?
6
Let d(i) = -i**3 - 27*i**2 - 38*i + 6. What is the thousands digit of d(-27)?
1
Suppose 5*t + 1 = -4*n + 72, 2*t - n = 31. Let r = -25 + t. What is the units digit of (-624)/r - 27/(-45)?
3
Let s = 3083 + -1994. What is the units digit of s?
9
Suppose 2*f = -s + 6, 3*s + 3*f - 8 = 2*f. Let r = 28 + 6. Suppose 0 = w - 1, 0 = s*p + p - 5*w - r. What is the tens digit of p?
1
Let v be (5/5)/((-1)/((-6)/(-2))). What is the hundreds digit of (3*-105)/v + 6/(-2)?
1
Suppose 10747 = 3*k + 46. What is the units digit of k?
7
Let r = -4717 - -8825. What is the hundreds digit of r?
1
Let n = -230 - -448. What is the hundreds digit of n?
2
Let m(z) = z**3 + z**2 + 6*z - 4. Let l(c) = c**3 + c**2 + 5*c - 3. Let a(t) = -3*l(t) + 2*m(t). What is the units digit of a(-4)?
1
Suppose -14*c = 50*c - 39552. What is the tens digit of c?
1
Let h = 8 - 7. Let o(v) = -v**2 - 3 + 2*v**2 - 4*v - h. What is the units digit of o(6)?
8
Suppose -1398 = 7*g - 13*g. What is the units digit of g?
3
Suppose 20*m = 27373 - 9613. What is the units digit of m?
8
Let s(l) = 47*l - 96. Let b(m) = 9*m - 19. Let i(k) = 11*b(k) - 2*s(k). Suppose -4*t + 55 = t. What is the tens digit of i(t)?
3
Let w(f) = 9*f**2 + 12*f - 244. What is the thousands digit of w(12)?
1
Suppose 0 = -4*f + 9*f - 690. Let z be (-3 + 0)*f/18. Let y = z + 88. What is the units digit of y?
5
Let a(k) = -k**2 + 12*k - 6. Let c be a(6). What is the tens digit of ((-96)/(-10))/(3/c*3)?
3
Suppose -126*i + 5268 = -114*i. What is the hundreds digit of i?
4
Suppose 4*m = 2*m - 40. Let n = m + 68. Let l = -28 + n. What is the units digit of l?
0
Let c(f) be the third derivative of -f**5/40 + 11*f**4/24 + 4*f**3/3 + 5*f**2. Let l(p) be the first derivative of c(p). What is the tens digit of l(-6)?
2
Let x(c) = 12*c**3 - 7*c**2 + 2*c - 4. What is the units digit of x(3)?
3
Let r(i) = -i**2 + 4*i + 11. Let t be r(6). What is the tens digit of (t + 160)/(18/12)?
0
Suppose 0 = 3*d - 197 - 301. What is the hundreds digit of d?
1
Suppose 3*v + 8 = -13. Let q(u) = u**2 - 1. Let k(i) = i**3 + 9*i**2 - 12. Let t(f) = -k(f) + 2*q(f). What is the tens digit of t(v)?
1
Let t be (4/(-14))/((6/(-7))/6). Suppose 0 = t*s - 5*r - 49, 3*r - 76 = -8*s + 3*s. What is the units digit of s?
7
Let l(z) = -z**3 + 5*z**2 + 15*z + 5. Let b be l(7). Suppose -b*d + 780 = -300. What is the tens digit of d?
9
Let o(r) = r**3 - 9*r**2 - 6*r + 19. Let n be o(9). Let x = 42 + n. What is the units digit of x?
7
Let g = -224 + 433. Suppose -2*m + 35 = -59. Suppose m = 4*a - g. What is the units digit of a?
4
Suppose -3*c + 10 = 2*o - 6, 0 = c - 2*o. Suppose 2*x - 28 - c = 0. Suppose -12*v - 88 = -x*v. What is the tens digit of v?
2
Let c(o) = 270*o + 79. What is the hundreds digit of c(13)?
5
Suppose 14*d + 121203 = 81*d. What is the units digit of d?
9
Let b(y) = -10*y**3 - y + y**2 - 14*y**3 - 3*y**2. What is the tens digit of b(-1)?
2
Let p = -1999 + 4871. What is the tens digit of p?
7
Let u = -69 + 146. What is the units digit of u?
7
Suppose 2*s = 4*n + 14, -4*s - 3*n = -9*s + 35. Suppose l + 5*z = s, -4*z - 5 = 5*l + 2. Let w = 8 + l. What is the units digit of w?
5
Let y(n) = 58*n - 902. What is the tens digit of y(28)?
2
Let t = 209 + 74. What is the tens digit of t?
8
What is the thousands digit of ((-293)/2)/(15/(-240))?
2
Let o(y) = -y**2 - 7*y + 14. Let l be o(-8). Suppose 64 = l*d - 506. What is the units digit of d?
5
Let r(f) = 2 + 9*f + 62*f**2 - 16*f**2 - 8*f. Let k be r(-1). Let d = -27 + k. What is the units digit of d?
0
Suppose -6*x - 3*i = -5*x, 2*x = -5*i + 4. Let n be x/10*(-15)/(-6). What is the tens digit of (2 - (-216)/n)*1?
7
Let n = 26 + -25. Suppose -n = -i + 1. Suppose -i*a + 54 = -4*x, a - 2*x - 42 = -3*x. What is the tens digit of a?
3
Let t(s) = 2*s**2 - 3*s. Let c be t(-3). Let a = -26 + c. What is the units digit of a?
1
Let f(l) = -l**3 + 5*l**2 + 9*l - 11. Let o be f(5). Let u = o - 31. Suppose 5*h + 38 = 2*d - 10, u*d = 5*h + 72. What is the units digit of d?
4